ds digit of 485525?
4
What is the ten thousands digit of 216053?
1
What is the units digit of 11160060?
0
What is the tens digit of 4701198?
9
What is the millions digit of 1415145?
1
What is the ten thousands digit of 129993?
2
What is the hundred thousands digit of 2554359?
5
What is the tens digit of 201543?
4
What is the thousands digit of 25918086?
8
What is the hundred thousands digit of 18127749?
1
What is the hundred thousands digit of 3243429?
2
What is the units digit of 102541?
1
What is the hundreds digit of 7000767?
7
What is the ten thousands digit of 1438146?
3
What is the hundreds digit of 443502?
5
What is the ten thousands digit of 83081?
8
What is the ten thousands digit of 148539?
4
What is the ten thousands digit of 4219204?
1
What is the hundreds digit of 12728927?
9
What is the hundreds digit of 3272?
2
What is the ten thousands digit of 3933866?
3
What is the ten thousands digit of 458297?
5
What is the tens digit of 481840?
4
What is the tens digit of 1247766?
6
What is the thousands digit of 929549?
9
What is the ten thousands digit of 127340?
2
What is the ten thousands digit of 18108759?
0
What is the thousands digit of 383330?
3
What is the thousands digit of 1068021?
8
What is the ten thousands digit of 738877?
3
What is the units digit of 692051?
1
What is the hundreds digit of 1724361?
3
What is the tens digit of 28056813?
1
What is the hundreds digit of 117628?
6
What is the millions digit of 6873519?
6
What is the thousands digit of 715811?
5
What is the tens digit of 89446?
4
What is the ten thousands digit of 308404?
0
What is the thousands digit of 552801?
2
What is the ten millions digit of 19940709?
1
What is the hundred thousands digit of 173005?
1
What is the thousands digit of 5284354?
4
What is the units digit of 7039436?
6
What is the thousands digit of 5687468?
7
What is the units digit of 1327111?
1
What is the millions digit of 2747798?
2
What is the thousands digit of 371564?
1
What is the tens digit of 1327268?
6
What is the units digit of 269169?
9
What is the hundred thousands digit of 1412362?
4
What is the ten thousands digit of 75984?
7
What is the hundred thousands digit of 460516?
4
What is the tens digit of 53785?
8
What is the thousands digit of 43441?
3
What is the millions digit of 1111470?
1
What is the units digit of 550273?
3
What is the units digit of 807396?
6
What is the ten thousands digit of 7733724?
3
What is the millions digit of 2685837?
2
What is the ten thousands digit of 4072436?
7
What is the tens digit of 1125389?
8
What is the hundred thousands digit of 1125586?
1
What is the hundreds digit of 6188401?
4
What is the tens digit of 37170951?
5
What is the hundreds digit of 628991?
9
What is the tens digit of 180310?
1
What is the ten thousands digit of 2562521?
6
What is the hundred thousands digit of 149479?
1
What is the hundred thousands digit of 171600?
1
What is the units digit of 218362?
2
What is the tens digit of 3833860?
6
What is the ten thousands digit of 2390737?
9
What is the hundreds digit of 607010?
0
What is the hundreds digit of 735242?
2
What is the units digit of 30769530?
0
What is the units digit of 466884?
4
What is the hundred thousands digit of 169214?
1
What is the tens digit of 202877?
7
What is the hundreds digit of 487049?
0
What is the hundreds digit of 350030?
0
What is the hundred thousands digit of 327545?
3
What is the tens digit of 641728?
2
What is the millions digit of 21393582?
1
What is the units digit of 1395310?
0
What is the tens digit of 173309?
0
What is the hundreds digit of 1515329?
3
What is the units digit of 7829689?
9
What is the thousands digit of 1411792?
1
What is the units digit of 824117?
7
What is the ten thousands digit of 39884?
3
What is the ten thousands digit of 395845?
9
What is the hundred thousands digit of 753498?
7
What is the hundreds digit of 905479?
4
What is the ten thousands digit of 354981?
5
What is the ten thousands digit of 2273052?
7
What is the hundreds digit of 1370608?
6
What is the ten thousands digit of 214359?
1
What is the hundreds digit of 1452561?
5
What is the thousands digit of 231160?
1
What is the thousands digit of 6135895?
5
What is the hundreds digit of 349232?
2
What is the tens digit of 855876?
7
What is the hundred thousands digit of 789493?
7
What is the thousands digit of 950487?
0
What is the tens digit of 222231?
3
What is the hundred thousands digit of 149912?
1
What is the thousands digit of 74601?
4
What is the millions digit of 1231257?
1
What is the ten thousands digit of 23037007?
3
What is the hundreds digit of 2702109?
1
What is the units digit of 638548?
8
What is the tens digit of 5410916?
1
What is the ten thousands digit of 423459?
2
What is the hundred thousands digit of 501988?
5
What is the thousands digit of 118553?
8
What is the ten thousands digit of 7858766?
5
What is the ten thousands digit of 1328231?
2
What is the tens digit of 548228?
2
What is the units digit of 2865165?
5
What is the millions digit of 1131170?
1
What is the units digit of 301123?
3
What is the hundred thousands digit of 8828818?
8
What is the thousands digit of 2829134?
9
What is the thousands digit of 243167?
3
What is the hundreds digit of 707817?
8
What is the hundreds digit of 2937353?
3
What is the ten millions digit of 22089193?
2
What is the tens digit of 36996166?
6
What is the tens digit of 756002?
0
What is the tens digit of 16532085?
8
What is the thousands digit of 5367581?
7
What is the hundreds digit of 3542435?
4
What is the thousands digit of 1501007?
1
What is the units digit of 708023?
3
What is the ten thousands digit of 13421704?
2
What is the units digit of 182284?
4
What is the ten millions digit of 11284010?
1
What is the hundred thousands digit of 4269988?
2
What is the hundreds digit of 260413?
4
What is the hundred thousands digit of 1524678?
5
What is the ten thousands digit of 314529?
1
What is the hundreds digit of 690978?
9
What is the hundreds digit of 915233?
2
What is the tens digit of 586891?
9
What is the millions digit of 1142741?
1
What is the thousands digit of 37597793?
7
What is the ten thousands digit of 5221229?
2
What is the hundreds digit of 187769?
7
What is the hundred thousands digit of 219545?
2
What is the tens digit of 487695?
9
What is the thousands digit of 2306989?
6
What is the units digit of 203637?
7
What is the hundred thousands digit of 9088265?
0
What is the units digit of 2793836?
6
What is the tens digit of 80898?
9
What is the units digit of 329172?
2
What is the units digit of 2839170?
0
What is the ten thousands digit of 1712971?
1
What is the hundreds digit of 3820758?
7
What is the ten thousands digit of 332061?
3
What is the hundreds digit of 2643296?
2
What is the hundreds digit of 60007?
0
What is the tens digit of 822101?
0
What is the units digit of 9550627?
7
What is the tens digit of 783783?
8
What is the ten thousands digit of 1939673?
3
What is the units digit of 64996?
6
What is the tens digit of 396877?
7
What is the thousands digit of 128402?
8
What is the tens digit of 29566?
6
What is the units digit of 89968?
8
What is the tens digit of 2340196?
9
What is the hundred thousands digit of 345204?
3
What is the tens digit of 17959?
5
What is the ten thousands digit of 3654222?
5
What is the thousands digit of 55374?
5
What is the ten thousands digit of 35183?
3
What is the millions digit of 2514827?
2
What is the hundred thousands digit of 1428648?
4
What is the millions digit of 14351711?
4
What is the hundred thousands digit of 502247?
5
What is the hundreds digit of 154753?
7
What is the ten thousands digit of 9462630?
6
What is the millions digit of 18182708?
8
What is the thousands digit of 1252694?
2
What is the units digit of 3514039?
9
What is the ten millions digit of 23644325?
2
What is the units digit of 440503?
3
What is the hundred thousands digit of 508908?
5
What is the thousands digit of 228554?
8
What is the tens digit of 46761?
6
What is the millions digit of 11411480?
1
What is the hundreds digit of 1276700?
7
What is the thousands digit of 748210?
8
What is the thousands digit of 48780?
8
What is the units digit of 661153?
3
What is the ten thousands digit of 15858623?
5
What is the